84)/(6/(-161)))/(2/345784) prime?
False
Let d be (-2)/(-6) - (-7)/(-21). Suppose -n + 4*m + 1163 = -m, 5*n - 4*m - 5815 = d. Is n a prime number?
True
Let q = -2421 + 5173. Suppose -3*g - 5*l + q = -3*l, 0 = -g - 3*l + 929. Is g a composite number?
True
Is (-1 - 0 - (0 - 4168/(-16)))*-166 a prime number?
False
Let h(k) be the first derivative of -215*k**4/2 - k**2/2 - 3. Suppose -4*m + 186 = 190. Is h(m) composite?
False
Suppose -2 + 0 = 4*h + 2*w, 4*w = -3*h + 1. Is 3 + h + (-9004)/(-4) composite?
True
Suppose 0 = -43*o + 10136451 + 19905112. Is o composite?
False
Suppose -2*i + 5*r + 3 = 6380, 5*r - 9553 = 3*i. Let q = -1633 - i. Is q prime?
True
Let p(j) = -19*j - 172. Let l be p(-9). Is l/(-1)*(460 - -13) composite?
True
Suppose 82822 = -63*k + 65*k. Is k a composite number?
False
Suppose 8*r = 5*r + 1371. Let x = 62 + r. Is x a prime number?
False
Suppose -o + 39 = -3*u, 100 = 4*o + 3*u - u. Let t = o - 21. Suppose t*v = -1637 + 15059. Is v a prime number?
True
Is ((8/(-6))/1)/((-44)/2252085) composite?
True
Let d(b) be the first derivative of 675*b**2/2 - 7*b - 26. Let j be d(3). Suppose 20*o - j = 18*o. Is o a composite number?
False
Suppose -2*k = -5*a + 32, 4*k + 17 = 2*a - k. Suppose -r + a*r = 10. Suppose -9*u = r*u - 7403. Is u composite?
False
Let d = -101925 - -170144. Is d prime?
True
Suppose -p - 135 = -2*p. Let f = -402 + p. Is (4 - (-52)/(-12))*f a prime number?
True
Suppose 0 = -p - 17*m + 21*m + 15575, 10*p + 2*m - 155498 = 0. Is p composite?
False
Suppose -32*d + 29*d = 5*y - 23, 6 = 2*y - 2*d. Suppose -12*i = s - 14*i - 30763, -y*s + 3*i + 123077 = 0. Is s composite?
False
Let a(q) = 2159*q**3 - 6*q**2 - 24*q + 196. Is a(5) prime?
False
Let m(s) = 4083*s + 10846. Is m(77) prime?
False
Let p = -48 - -35. Let t = p + 7. Is -2*(-3 + 0)*(-919)/t prime?
True
Suppose -3*d = 2*f - 26, 4*f - 2*d = 21 + 31. Suppose 0 = f*j - 11980 - 11121. Is j a prime number?
True
Suppose 34*c + 439 = 33*c. Is (2 - 8) + 4 - 67*c a composite number?
False
Let x = -879041 - -1652368. Is x prime?
False
Let w be 2/((-10)/12*5/25). Let t = 59 + w. Is t prime?
True
Suppose 0 = 4*t + 14 - 134. Let r be (t/4)/((-1)/(-458)). Is r + 3/((-3)/2) composite?
False
Let t = -22307 + 50080. Is t a composite number?
False
Let i = 4450 - 2619. Suppose i = 45*m - 44*m. Is m a composite number?
False
Suppose -15*f = -137126 - 289489. Let t = f + -14792. Is t a composite number?
False
Let f = -8 - -11. Suppose 2*a - 10 = -2*a + 2*s, f*a + 3*s - 12 = 0. Is a + -1 + (-150 - -1)*-3 composite?
False
Let c = 175 + -168. Suppose c*w = 829 + 7984. Is w prime?
True
Let o(c) = -2*c**3 + 15*c**2 - 13*c + 6. Let s be o(5). Let a = s - -989. Is a a composite number?
True
Let y(b) = 1126*b**2 - 7*b - 6. Let i be y(-1). Suppose 4*w - 3769 = -3*f - 418, -f = -2*w - i. Is f composite?
True
Let u(r) = -13883*r + 11589. Is u(-16) prime?
False
Suppose -6 + 0 = -6*m. Suppose 0 = 5*z - 2*p - 19, z + 2*p = -0*p - m. Suppose 2*n = -2*n + 4*d + 7704, -4*d + 5813 = z*n. Is n a composite number?
False
Let j be 6 + 1/1 + 1. Let a(f) be the first derivative of 3*f**3 + 13*f**2 + 7*f + 41. Is a(j) prime?
False
Is (6134825/(-150))/(3/(-18)) a prime number?
False
Suppose -31540468 - 26489663 = -349*x - 8623248. Is x a composite number?
True
Suppose -5*m - 5*i + 371195 = 0, 18*m - 4*i = 17*m + 74214. Is m a composite number?
True
Suppose -4*b = -8*c - 967820, -4*c + 725883 = 3*b - 7*c. Is b a composite number?
True
Suppose 2*u + 2*u - 64608 = 4*x, 2*u + 2*x = 32324. Is u composite?
True
Let l be (1 - 4) + 961 + 3. Let i = 1417 - l. Is -4 - -1 - i/(-4) a prime number?
False
Let w(a) = -37*a**3 + 2*a**2 - 32*a + 16. Is w(-11) composite?
True
Suppose 4*i = 5*p + 1026591, 41*i + p = 44*i - 769924. Is i prime?
True
Is 0 + (138316 - -12)/8 a composite number?
False
Let w be (-5448)/(-27) - 4/(-18). Suppose 212*i - 216*i + 12 = 0. Let t = w - i. Is t prime?
True
Suppose a + 22*q = 26*q + 3061, -3*a + 9193 = -2*q. Is a composite?
True
Let r(x) = -69*x**3 - 17*x**2 - 3*x + 12. Let v be r(-6). Let n = 7511 + v. Is n prime?
False
Let j(q) = -q**2 - 12*q - 22. Let u be j(-10). Let t be 6/(-21) + (u - (-31228)/28). Suppose -6242 - t = -5*l. Is l a prime number?
True
Suppose 0*s = 6*s. Suppose 0 = -4*h + 4*b + 16772, 3*h + 4*b = -s*h + 12593. Is h prime?
False
Let a(r) = -69*r + 4. Suppose -12 = 2*s + 4*s. Is a(s) a composite number?
True
Let j be -8 + -8 + 0 + 3390. Suppose -4*a = -6*m + 10*m - 13576, -3*a = -m + j. Is m composite?
False
Let a(b) = 16929*b**2 - 6*b + 3. Let d be a(1). Suppose 2*s + 5*c = 6767, d = -8*s + 13*s + 4*c. Is s a prime number?
False
Let q be (0 + 1 - (-5)/(-3))*-6. Suppose 0 = 5*n - q*n - 3. Is -1191*1/(-3)*n prime?
False
Let d(n) = n**2 + 15*n + 46. Let u be d(-4). Suppose -r - 8742 = -u*o - 5*r, r = 4*o - 17520. Is o a prime number?
False
Is 68722 - 119 - (-8 + -3 + 3) a composite number?
False
Let g(l) = l**3 + 8*l**2 + 4*l - 14. Let f be g(-7). Suppose -10*m + 4962 = -f*m. Let c = m - -193. Is c a prime number?
True
Suppose 0 = 8*x + 4*x - 204. Let w(n) = 126*n**2 - 13*n - 48. Is w(x) prime?
False
Let g be (-72)/(-45) + (-4)/(-10). Suppose -4*z + k = -42846, g = -7*k + 6*k. Is z a prime number?
True
Let f = 2064 - 1992. Let q(c) = 8*c**3. Let x be q(-1). Is x/f - 5374/(-9) a prime number?
False
Let t(v) = -30*v**3 + 2*v**2 + v. Let h be t(5). Let x = 1382 - h. Is x a composite number?
False
Let p(r) be the third derivative of -r**5/60 + 17*r**4/8 - 17*r**3/2 - r**2. Let n = -838 + 863. Is p(n) composite?
False
Suppose -2*l + 5901 = 2*p - 4075, 2*p = -5*l + 9991. Let k = p + 364. Is k a composite number?
False
Let k(w) = -7*w - 7. Let v(r) = 36*r + 34. Let z(u) = -11*k(u) - 2*v(u). Let b be z(-2). Let p = b - -35. Is p composite?
True
Is 724886 - (-51)/(-17) - -14 a composite number?
True
Let l(h) = 67*h - 3. Let i be l(6). Let j(u) = -11*u - 323. Let b be j(-49). Let s = i - b. Is s composite?
True
Let q = 2931 + 59. Suppose 3*d - 415 - q = 0. Is d composite?
True
Suppose 0 = 12*s - 4*s - 184. Suppose -4*i + 4*u - s = u, 4*i = -2*u - 18. Let f(h) = h**3 + 8*h**2 + 6*h + 1. Is f(i) a composite number?
True
Suppose -6*m + 1068526 = 5*j, -23*j - 534269 = -3*m - 24*j. Is m prime?
True
Let b be 187/22*(4 + -2). Let j = 15 - b. Is -116*1*j/4 a composite number?
True
Let k be (4 - -5922) + -1 + 0. Suppose 4*c - w = 7600, 5*c - k - 3600 = -5*w. Is c a prime number?
True
Suppose 4*j - k = -827, 2 + 3 = -5*k. Let g = 1146 + j. Is g a composite number?
True
Suppose 526479 - 3303304 = -j + 4*u, 11107205 = 4*j + 3*u. Is j a composite number?
True
Suppose -14*d - 414876 = -986315 - 1653987. Is d a prime number?
True
Suppose 10*k = 11077 + 7253. Let f be 1*4/14*7. Suppose -h = f*h - k. Is h prime?
False
Is (0 - -1) + 15308 - (-27 + (-12 - -41)) a composite number?
False
Suppose -3*v + v = 10*v - 2594316. Is v a prime number?
False
Suppose 0 = 33*r - 13*r - 86420. Is r a composite number?
True
Let h(z) = 8*z**3 - 2*z**2 - 5*z + 6. Let u(w) = 8*w**3 - 3*w**2 - 6*w + 5. Let x(d) = 2*h(d) - 3*u(d). Is x(-4) a composite number?
False
Let y = 358198 - 116609. Is y a composite number?
False
Let w(c) = -4696*c + 15531. Is w(-28) a composite number?
True
Let y(b) = 322*b**2 + 2*b - 16. Let f be y(-4). Let c be 1012 - (0 - 1) - 2. Let r = f + c. Is r composite?
True
Let x = -7 + -458. Let q = x - -1096. Is q composite?
False
Suppose -5*s = -w + 190, 4*w + s - 490 = w. Let c = 155 + w. Suppose -3*h + c = -574. Is h a composite number?
True
Let f be (-3)/54*3 + (-15739)/(-6). Let a = f + -1716. Is a a prime number?
True
Let i = -1315 - 868. Let g = i - -4228. Is g a composite number?
True
Let m be (-112782)/(-4)*(-50)/(-75). Suppose 5*t - 99188 = m. Is t a composite number?
True
Suppose 26*b - 32*b - 10614 = 0. Let z = 168 - b. Is z a composite number?
True
Let m = -20614 - -50446. Suppose f = m + 2481. Is f a composite number?
True
Let k(c) = -2065*c - 89. Let n = -670 - -664. Is k(n) a composite number?
False
Let n = -478191 - -926848. Is n prime?
False
Is 60766 + (-21)/(-14) + 2/(-4) composite?
True
Suppose -3*o - 23 = r - 2*r, 0 = o - 4*r + 4. Let k(a) = -12*a - 8. Let p be k(o). Let j = p - -23. Is j a prime number?
False
Let h = -239 - -252. Suppose -h*x = -7221 - 2386. Is x a composite number?
Fa